- y**2/2 + 2*y. Let l be 0 + 0 + (-3)/(-3). What are the prime factors of s(l)?
2
Suppose 0 = 5*s + 20 - 5. Let k(j) = j**2 - 2*j - 1. What are the prime factors of k(s)?
2, 7
Suppose -g - 4*f = 2*g - 138, -3*f = 5*g - 219. List the prime factors of g.
2, 3, 7
Let x(y) = 8*y + 31. What are the prime factors of x(18)?
5, 7
Let h(r) = -4 + 2 - 3*r + 7*r + 6. What are the prime factors of h(3)?
2
Let o = -2 + 6. Suppose -o*a = -9*a. Suppose -3*x - x + 8 = a. What are the prime factors of x?
2
Let x be 2 + -4 + 2 + 23. Suppose -3*m + x = q, 2*m - 6*m = 5*q - 49. What are the prime factors of m?
2, 3
Suppose 6*l - c = l + 22, -l = -3*c + 4. Let f = l + -2. Suppose k + 28 = f*k. What are the prime factors of k?
2, 7
Suppose -h + 18 = -2*h. Let u = -1 - h. List the prime factors of u.
17
Suppose 4*j + 0*j = -5*b + 18, -5*j + 3*b + 4 = 0. Suppose j*n - 5*f = 4*n - 27, -n + 12 = 3*f. What are the prime factors of n?
3, 7
Let x(w) = 4*w**2 - 2*w + 6. What are the prime factors of x(3)?
2, 3
Let v = 6 + -4. Suppose 0*r - v*r + 5 = 3*n, -2*r + 2*n = -10. List the prime factors of r.
2
Suppose j - 6*j + 120 = 0. Let d be -1 + -1 - j/(-6). Let n = d + 4. List the prime factors of n.
2, 3
Let k be 0 - -1 - 4*2. Let m(l) be the first derivative of -l**4/4 - 8*l**3/3 - 7*l**2/2 + 5*l + 9. List the prime factors of m(k).
5
Let j(p) = -p**3 + 10*p**2 - 11*p - 8. Let u be j(8). List the prime factors of (-15)/(-4)*u/12.
2, 5
Let n = 147 + 187. List the prime factors of n.
2, 167
Suppose -t + 1 + 2 = 0. Let s be 12/10 + 10/(-50). What are the prime factors of s + t + (1 - 1)?
2
Let p(q) = q**3 + 8*q**2 - 11*q + 13. What are the prime factors of p(-9)?
31
Suppose 4*h - 105 = 179. What are the prime factors of h?
71
Let p(u) = -3*u**3 + 20*u**2 + 13*u + 16. Let k(s) = -2*s**3 + 10*s**2 + 6*s + 8. Let v(x) = -5*k(x) + 3*p(x). List the prime factors of v(-9).
2
Let s = 26 - -53. What are the prime factors of s?
79
Let y be (4 + 2)*(-3)/(-6). Suppose -5*d = -s - 6, -y*s + 0*s + 54 = 3*d. What are the prime factors of s?
2, 7
Suppose 2*o - 6 = -4*x, 3*x - 2*x + 21 = -5*o. Suppose -5*v - m + 225 = 0, 4*v - m = -x*m + 191. List the prime factors of v.
2, 11
Suppose 0 = 4*w + 3*a - 5, -2*w - 3*a + 2*a = -1. Let h be (-22)/(-3 + 20/6 - 0). List the prime factors of w/(h/21 + 3).
7
Let o be 1 - 1/(-2)*2. Let q = o - 0. What are the prime factors of q?
2
Let y = 11 + -2. What are the prime factors of 21/y + 1/(-3)?
2
Let a(s) = s**2 - 4*s + 2. Let v be a(4). Suppose 4*r - v = 10. Suppose 3*x = r*u + 4 - 1, -4*x - u = -19. List the prime factors of x.
2
Let a(j) = 2*j + 19. Let m be a(-7). Let b = 1 - 1. Suppose 5*d + m*r - 40 = b, -r + 23 = 2*d + 2. What are the prime factors of d?
13
Suppose -6*s = -2*s + 4*x - 128, 3*s - 3*x = 120. List the prime factors of s.
2, 3
Let p(g) = g**3 - 6*g**2 - 6*g + 6. Suppose 4*v = 44 - 16. List the prime factors of p(v).
13
Suppose 9 = -3*l + 6*l. Suppose -l*j + 65 = 2*j. List the prime factors of j + (-2)/(3 - 1).
2, 3
Let a(i) = -i**2 + 6*i. Let t(x) = -x**3 - 9*x**2 - 2*x - 13. Let u be t(-9). Let h be a(u). Let w = h + 8. What are the prime factors of w?
13
Let v be -1 - (-1 - (-6)/2). Let a = 3 + v. Suppose a = d - 4*d + 36. What are the prime factors of d?
2, 3
Let r = 2 - 2. Suppose r = z + 3, -s = s - 3*z - 21. List the prime factors of s.
2, 3
Let c(o) = -6*o + 2. Let h = -6 + 1. Let z(d) = d**3 + 4*d**2 - 5*d - 2. Let n be z(h). List the prime factors of c(n).
2, 7
Let l(k) = k**3 - 6*k**2 - 10*k + 1. Let t be l(7). What are the prime factors of ((-8)/t)/(2/70)?
2, 7
Let n be 3 + (-2)/(-4)*2. Suppose -19 = -n*t + 29. List the prime factors of t.
2, 3
Let s = 105 + -187. What are the prime factors of (-8)/(-28) + s/(-7)?
2, 3
Let x be (-2)/1 + (-218)/(-2). Suppose 9 = p + h + 4*h, x = 3*p - h. What are the prime factors of p?
2, 17
Let s be ((-8)/(-3))/((-8)/(-12)). Suppose -24 = -s*p - 0*p. Let q = 16 - p. What are the prime factors of q?
2, 5
Let s be 2/(-6)*(1 - 10). Suppose s*z + i - 26 = 0, -15 = -3*z + z - 3*i. What are the prime factors of z?
3
Let y = 6 + -4. Suppose y*r - 4 = -0. Suppose -r*h = -x + 2, 12 = 3*x + h - 1. List the prime factors of x.
2
Let f = 7 - 5. Let z = -24 - -27. Suppose -4*p + f = -z*p. What are the prime factors of p?
2
What are the prime factors of ((-40)/(-12))/((20/(-132))/(-5))?
2, 5, 11
Suppose -6*d = -d - 15. Suppose d*l - 31 = -5*r, -4*r - l + 6 = -23. What are the prime factors of r?
2
Suppose -4*t + f + 23 = 0, -t - 4*f + 13 = 4*t. Suppose 0 = j - 2 + t. Let z(c) = -3*c - 2. What are the prime factors of z(j)?
7
Suppose -3*j = -105 + 21. List the prime factors of j.
2, 7
Suppose 177 + 118 = 5*v. Suppose 3*f - 28 - v = 0. List the prime factors of f.
29
Suppose 0 = -o - 5*l - 18, -2*o - 3*l - 24 = 3*o. List the prime factors of (o + 13/3)*3.
2
Let d(a) = a + 21. What are the prime factors of d(-9)?
2, 3
Let k(t) = -4 - 2*t - 4 + 5. Let o = -1 - 2. What are the prime factors of k(o)?
3
Let y = -7 + 216. What are the prime factors of y?
11, 19
Suppose i + 4 = 5*i, 0 = -2*n - 5*i + 181. List the prime factors of n.
2, 11
Suppose 642 = i + 5*i. What are the prime factors of i?
107
Let h(y) be the first derivative of 6*y - 1/3*y**3 + 3*y**2 - 3. What are the prime factors of h(6)?
2, 3
Suppose 5*v + 5*u - 70 = 0, 6*v - 2*u = 2*v + 56. What are the prime factors of v?
2, 7
Let w = -70 - -110. Let y = -27 + w. What are the prime factors of y?
13
What are the prime factors of (1/(-2))/(((-35)/308)/5)?
2, 11
Suppose -3*s = -96 - 99. Suppose 2*j + 3*j = s. What are the prime factors of j?
13
Suppose -p - 24 = -6*p + q, 0 = 3*p - q - 16. Let z(v) = v**2 - 4*v + 4. List the prime factors of z(p).
2
Let d(u) = 2*u - 3. Let o be d(9). Let g = o + -11. Suppose 8*w + 3 = i + g*w, i - 9 = w. What are the prime factors of i?
11
Let m = 246 - -173. What are the prime factors of m?
419
Suppose -5*z = 2*g + 8 - 0, g = -2*z - 5. Let p(c) = -2*c - 1. What are the prime factors of p(g)?
17
Suppose g - 4 = -5*s + 10, g = 2*s. Suppose b - 2*l - 119 = -2*b, 0 = 5*b - g*l - 201. What are the prime factors of b?
37
Let w = 664 + -343. What are the prime factors of w?
3, 107
Let d(r) = r**3 - r**2 - 9. List the prime factors of d(4).
3, 13
Let k(y) be the first derivative of y**3/3 + 2*y**2 + 5*y - 2. Let q be k(-4). Suppose 4*i - q*i = -p - 17, -4 = 2*p. What are the prime factors of i?
3, 5
Let m be (-1)/(-1)*(3 + 0). Suppose -13 = -5*z + 3*u, m*u = -2*z - 6 + 28. Suppose 6*o - 2*t = o + 70, 4*t = z*o - 70. What are the prime factors of o?
2, 7
Suppose 0*c = 3*c. Let d(o) = -o + 9. Let p be d(-8). Suppose 4*v - 9*m + p = -4*m, v + 4*m - 22 = c. What are the prime factors of v?
2
Let q = -11 + 15. Suppose -5*m = -4*t + 48, t = 3*t - q*m - 24. What are the prime factors of t?
2, 3
Suppose 4*r + 52 = u, -3*r = -2*u - r + 80. Suppose -c - 3*c + u = 0. What are the prime factors of c?
3
Suppose -133 + 29 = -4*l. What are the prime factors of (5/(-5))/((-1)/l)?
2, 13
List the prime factors of (-31)/(2/((-24)/4)).
3, 31
Suppose 2*f - 5*f = -3*k - 18, -k = 3. What are the prime factors of f?
3
Let o = -1 + 3. Let g(w) = -o + w + 4 + 2. What are the prime factors of g(-2)?
2
Suppose 5*d = -2*y + 53, y - 2*y - 5*d = -29. List the prime factors of y.
2, 3
Let w be (-3)/((-34)/28 + 1). Suppose 0 = 5*c + 1 + w. Let f = 8 + c. List the prime factors of f.
5
Suppose -4*d = b + 20, d - 3*d - 3*b - 10 = 0. Let v be (d + 1)/(0 - 2). Suppose 2*x - 2*g + g - 10 = 0, v*g = -2*x + 22. What are the prime factors of x?
7
Let f = 5 - -11. List the prime factors of f.
2
Let i be 4/(-5)*(-15)/6. Let o be 90/4 + 1/2. Suppose i*l = o + 3. What are the prime factors of l?
13
Let m(i) = -i + 1. Let p be m(-3). Suppose z - 12 = -2*z - 4*j, 5*z - 20 = -p*j. Suppose -5*f - 5 = 0, -g + z*g - 2*f - 35 = 0. What are the prime factors of g?
11
Suppose 114 = 2*l + 4*o, l + 4*l = -5*o + 300. What are the prime factors of l?
3, 7
Suppose 0 = -2*a + 27 + 9. Let n be ((-8)/(-10))/((-2)/(-30)). Let l = a - n. List the prime factors of l.
2, 3
Let f(m) be the third derivative of 0*m + 1/8*m**4 - 1/6*m**3 + 0 - 3*m**2. What are the prime factors of f(4)?
11
Suppose 165 + 491 = 8*n. What are the prime factors of n?
2, 41
Let n = -199 - -318. What are the prime 